 + v/6 a multiple of 14?
False
Suppose 3*f - 36 = -0*f. Is 3 a factor of f?
True
Let d = 1 + 8. Is d a multiple of 2?
False
Let c = 15 + -17. Does 6 divide 1/(c - (-19)/9)?
False
Let g = 39 + -14. Suppose g = -5*w - 0*w. Let i = w - -10. Is 2 a factor of i?
False
Suppose 5*f = -4*z + 66, 0 = 2*z - z - 2*f - 10. Does 4 divide z?
False
Let o(n) = -21*n**3 + 1. Is 4 a factor of o(-1)?
False
Is 5*(-2)/(3*(-2)/219) a multiple of 11?
False
Let r = 5 - -3. Suppose 3*j = -j + r. Suppose 2*q = -j*h + 26, 0*q = -2*q. Is h a multiple of 13?
True
Let w be 6/(-2)*1 - -60. Let g = w + -37. Does 12 divide g?
False
Let i be ((-4)/(-8))/((-2)/(-264)). Let j = i - 47. Is j a multiple of 8?
False
Let a(b) = -2*b + 4. Let t be a(4). Let c be 1 + t - -61 - 3. Suppose -26 = -3*f + c. Is f a multiple of 8?
False
Let j(w) = 9*w - 8. Let x = -4 + 10. Is 13 a factor of j(x)?
False
Suppose 3*f + 4*n + 3 = -3, -2*n - 2 = 2*f. Suppose 5*w = 8 + f. Is 2 a factor of w?
True
Let v = -22 + 75. Is v a multiple of 30?
False
Let r = 0 - -1. Let j(p) = 3 - 2*p + 1 + 0 + r. Does 17 divide j(-6)?
True
Suppose 5*u - 3 - 2 = 0. Let a = u - 3. Is 30/(a*(-1)/2) a multiple of 15?
True
Let k be (0*(-1)/2)/(-3). Let b = k + 16. Is b a multiple of 9?
False
Let i(a) be the second derivative of a**4/12 + 7*a**3/6 + 4*a**2 + a. Let l be i(-6). Suppose -l*g + 32 = -w - 3*w, 0 = 3*g - w - 23. Is 3 a factor of g?
True
Let z = 63 + 24. Let r = -56 + z. Is r a multiple of 14?
False
Suppose 32 = 3*r + r. Suppose -1 = -2*x + h, 7 = 3*x + x - h. Suppose -x*t + r = t. Is t a multiple of 2?
True
Suppose -4*d - 2*h = -3*d - 66, 4*d + 5*h - 270 = 0. Is 4 a factor of d?
False
Suppose -4*s = -i - 2*s + 158, 5*s + 473 = 3*i. Suppose 0*u + i = 4*u. Is 10 a factor of u?
False
Does 9 divide ((-5)/10)/(1/(-54))?
True
Suppose 76 = -22*c + 26*c. Is c a multiple of 4?
False
Let w = 13 + -13. Let z = 9 - w. Does 9 divide z?
True
Let a(o) be the second derivative of o**3/6 + 4*o**2 + 2*o. Is a(-6) even?
True
Let w be (-3 + 39)*2/(-4). Let y = w - -29. Is y a multiple of 3?
False
Suppose -4*y - 5*v - 20 = -3*y, y - 5*v = 20. Let t = y + 24. Is 8 a factor of t?
True
Let p be 6/(-14) - 72/(-21). Suppose 0 = -p*o + 4*g + g + 145, 47 = o - g. Is 15 a factor of o?
True
Let c = 1 + -1. Suppose c*s + s - 21 = 0. Does 15 divide s?
False
Let n(i) = -i**2 - 8*i + 3. Let h(a) = 2*a**2 + 15*a - 5. Let s(u) = -3*h(u) - 5*n(u). Let m be s(-4). Let l(d) = d**2 + 5*d. Is l(m) a multiple of 17?
False
Suppose b = l + 7, -2*b + 18 = -2*l + 4*l. Let p(z) = 2*z**2 - 12*z + 12. Is p(b) a multiple of 22?
True
Let b = -32 - -109. Is b a multiple of 6?
False
Suppose -5*o + 12 = -8. Is 16 a factor of 4/2 - (-10 - o)?
True
Suppose 42*k = 36*k + 144. Is 4 a factor of k?
True
Let b(i) = 25*i + 19. Let v(w) = -13*w - 10. Let n(u) = -4*b(u) - 7*v(u). Does 13 divide n(-5)?
True
Suppose -54 = -0*n + 2*n - 3*x, -3*n + 3*x - 81 = 0. Suppose 0 = 4*f - 13*f + 648. Let i = n + f. Is 13 a factor of i?
False
Let o be 4/((-1)/(18/4)). Does 19 divide (-234)/(-4) + o/12?
True
Suppose -v + 89 = b + 13, -5*v - 173 = -2*b. Is b a multiple of 8?
False
Let m be 19/1 + 2 + 0. Suppose -m - 6 = -3*r. Is (4/6)/(1/r) a multiple of 5?
False
Let o(h) = h**2 - 13*h - 31. Is 5 a factor of o(-7)?
False
Let v = 309 - 204. Does 15 divide v?
True
Let q(p) = -p**3 + 4*p**2 + 3*p + 3. Let d(u) = -u**2 + u - 1. Let z(h) = -2*d(h) + q(h). Is z(6) a multiple of 3?
False
Suppose 6*n = 4*n + 108. Is n a multiple of 40?
False
Let f = 5 + -4. Suppose f - 13 = -g. Does 12 divide g?
True
Suppose 3 = 3*m - 0. Let x = -1 + m. Suppose -5*p + 3*q - q + 46 = x, -3*q + 46 = 4*p. Is p a multiple of 9?
False
Let m = 1 + 0. Let b(t) = 57*t**3 + 2*t - 1. Does 20 divide b(m)?
False
Let f(y) = -5*y + 1. Let t be f(-1). Let g = 11 - t. Suppose 0 = -2*u + g + 1. Is u a multiple of 3?
True
Let j(p) = 76*p + 8. Is 7 a factor of j(1)?
True
Let n(u) = -2*u - 4. Let b(l) be the second derivative of -2*l**3/3 - 9*l**2/2 + l. Let r(g) = 3*b(g) - 5*n(g). Is r(-6) a multiple of 3?
False
Let p be 10/5*7/(-2). Does 6 divide (-63)/(-6)*(-12)/p?
True
Suppose -3 = -2*d + 1. Suppose 3*o - 12 = 0, d*w = w - 5*o. Let t = -12 - w. Does 4 divide t?
True
Suppose -4*j - 52 = 32. Is 17 a factor of (-2)/(-1) + (-6 - j)?
True
Let f(u) = 6*u**3 + 3*u**2 - 2*u - 1. Let o(q) = q**3 - 8*q**2 + 5*q + 6. Let s be o(7). Let z be (-3)/(-2*(-6)/s). Does 19 divide f(z)?
False
Let u be (-1)/(1*(-2)/(-10)). Let d be (-18)/u - 8/(-20). Does 13 divide (2/d)/(3/174)?
False
Let f be (5 - 12)/(1 - 0). Let s be f/1 - -3 - 0. Does 22 divide (-33 + s)/(-2 - -1)?
False
Let a(u) = -u**3 + 2*u + u - 6 - 2*u**2 + 0*u**3 - 6*u. Is 19 a factor of a(-4)?
True
Let y = 148 + -68. Does 16 divide y?
True
Let r be ((-20)/3)/((-6)/9). Suppose 2*a - r = a. Is 5 a factor of a?
True
Suppose 5*z = 53 + 22. Let l = 5 + 0. Suppose 12 = 3*c + c - 4*o, -l*c + z = -3*o. Is c even?
False
Suppose 3*a - 2*r - 3*r = 26, r = 5*a - 14. Suppose -5*p - a = -2*n - 7, 0 = 3*p + n - 14. Suppose 3*d + p*j = 30, -2*d + 17 + 5 = 3*j. Is d a multiple of 8?
True
Let b(s) = 8 + 2*s - 3*s - s. Let a = -39 - -32. Is b(a) a multiple of 8?
False
Does 8 divide 3/(-4)*132/(-11)?
False
Suppose 2*y + 4 = 4*y. Suppose y = 2*s - 6. Suppose 36 = -b + s*b. Is b a multiple of 10?
False
Let x be (-2)/12 + (-39)/(-18). Suppose x*o = 101 - 23. Does 13 divide o?
True
Let g(r) be the first derivative of -r**4/4 + 2*r**3 + 5*r**2 - 3*r + 2. Let a(f) = f - 1. Let l(z) = -a(z) + g(z). Is 12 a factor of l(7)?
True
Suppose -v + 6*v - 43 = -2*z, z - 44 = -5*v. Is v a multiple of 3?
True
Let x = 167 - 267. Is (-1)/(x/(-34) - 3) a multiple of 7?
False
Suppose d = -3*d + 704. Does 44 divide d?
True
Suppose 5*j + 5*r = -40, -2*j - 4*r = 11 + 3. Let f = j + 17. Is f a multiple of 5?
False
Suppose -4*d = -2*r - 310, r - 157 = -2*d - 0*d. Does 35 divide d?
False
Suppose 0*m - 5*m + 80 = 0. Does 3 divide m?
False
Suppose 163 + 185 = -2*u. Is 23 a factor of (-1)/(3/u)*1?
False
Suppose -5 - 39 = -4*h. Suppose -4*r + 71 = w, 4*r - 4*w + 2*w = 74. Suppose 0*i = 2*i - 3*q - h, 2*q = 4*i - r. Is 4 a factor of i?
True
Let m be (1 - -1)*(-3)/(-2). Suppose 12 = i + m*i. Suppose i*r = 4*a - 4 + 20, -r = -2*a - 6. Is r a multiple of 2?
True
Let w(y) = -9*y + 24. Does 15 divide w(-4)?
True
Let a = -6 + 145. Does 11 divide a?
False
Let n(r) be the third derivative of r**6/120 + r**5/120 + r**4/12 - r**2. Let j(v) be the second derivative of n(v). Is j(1) a multiple of 6?
False
Let r(a) = 2 + 0*a**2 - a**3 - a**2 + 2*a**2 - 2*a**2 + 2*a. Let j = 2 + -5. Does 7 divide r(j)?
True
Suppose 2*f + 0*f - 5*w - 246 = 0, -5*f + 3*w + 634 = 0. Is f a multiple of 7?
False
Suppose 69 = 5*s - 2*s. Is 4 a factor of s?
False
Suppose u = 8 - 3, 25 = 4*g + 5*u. Let i be 0 - (-7 + 0 + 2). Suppose -75 = -g*s - i*s. Is 15 a factor of s?
True
Let b = -2 - -5. Suppose b*c - c = 8. Suppose 5*q = m - 6*m + 60, -c*m - 15 = -3*q. Is q a multiple of 7?
False
Let c(v) = 5*v + 1. Does 13 divide c(12)?
False
Let k(o) = 7 - o**2 - 4*o**2 + 6*o**2. Is k(-3) a multiple of 16?
True
Suppose -5*i + 227 = 2*n - 0*i, 399 = 4*n - i. Is 13 a factor of n?
False
Suppose -16*r + 1772 = -1012. Is r a multiple of 16?
False
Let y(k) = -2*k - 4. Let l be y(-8). Suppose -3*c - 4*t + 7*t = -39, c = 2*t + l. Is 9 a factor of c?
False
Let o(t) = -3*t. Let q be (0 + 1)/(-9 - -8). Let x be o(q). Suppose 6 = 4*f - x*f. Is f even?
True
Let b(l) = -l**2 + l + 3. Let a be b(-3). Let t be (-2)/9 + (-965)/a. Let y = t + -58. Does 20 divide y?
False
Let r = 84 - 32. Is 26 a factor of r?
True
Suppose k = -5*x + 24, -k = -0*x + 2*x - 15. Suppose 6*p = 3*p + k. Suppose 0 = -0*j - 4*j + p*n + 94, 3*n = -4*j + 106. Is j a multiple of 8?
False
Let d(f) be the second derivative of -2/3*f**3 + 0 - f + f**2. Is d(-3) a multiple of 5?
False
Let z = -74 + 140. Suppose -u + 2*i = z, 2*i + 242 = -5*u - 52. Let y = -42 - u. Is 18 a factor of y?
True
Suppose 0 = -8*z + 2*z + 246. Is z a multiple of 8?
False
Let p(t) = t**3 - 8*t**2 - 6*t - 3. Let h(f) = f**3 + 11*f**2 - 13*f - 3. Let v be h(-12). Is 13 a factor of p(v)?
False
Suppose 5*m - 40 = -0*m. Let q = m - 5. Is 2 a factor of q?
False
Suppose z - 5*u - 13 = -0*u, -3*z + 3*u = -15. Suppose -2*n = 6, w + 4*n = z*n - 10. Let t(d) = -d - 3. Is 